Last updated on 2023-12-02 02:49:26 CET.
Flavor | Version | Tinstall | Tcheck | Ttotal | Status | Flags |
---|---|---|---|---|---|---|
r-devel-linux-x86_64-debian-clang | 2022.3-1 | 5.74 | 70.33 | 76.07 | NOTE | |
r-devel-linux-x86_64-debian-gcc | 2022.3-1 | 4.35 | 54.72 | 59.07 | NOTE | |
r-devel-linux-x86_64-fedora-clang | 2022.3-1 | 98.04 | NOTE | |||
r-devel-linux-x86_64-fedora-gcc | 2022.3-1 | 104.55 | NOTE | |||
r-devel-windows-x86_64 | 2022.3-1 | 5.00 | 83.00 | 88.00 | NOTE | |
r-patched-linux-x86_64 | 2022.3-1 | 7.24 | 70.38 | 77.62 | OK | |
r-release-linux-x86_64 | 2022.3-1 | 6.86 | 69.79 | 76.65 | OK | |
r-release-macos-arm64 | 2022.3-1 | 38.00 | OK | |||
r-release-macos-x86_64 | 2022.3-1 | 63.00 | OK | |||
r-release-windows-x86_64 | 2022.3-1 | 8.00 | 91.00 | 99.00 | OK | |
r-oldrel-macos-arm64 | 2022.3-1 | 34.00 | OK | |||
r-oldrel-macos-x86_64 | 2022.3-1 | 45.00 | OK | |||
r-oldrel-windows-x86_64 | 2022.3-1 | 9.00 | 96.00 | 105.00 | OK |
Version: 2022.3-1
Check: Rd \usage sections
Result: NOTE
Objects in \usage without \alias in Rd file 'timeSeries.Rd':
‘tbind.timeSeries’
Objects in \usage without \alias in Rd file 'tis.Rd':
‘tfstart.tis’
Functions with \usage entries need to have the appropriate \alias
entries, and all their arguments documented.
The \usage entries must correspond to syntactically valid R code.
See chapter ‘Writing R documentation files’ in the ‘Writing R
Extensions’ manual.
Flavors: r-devel-linux-x86_64-debian-clang, r-devel-linux-x86_64-debian-gcc, r-devel-linux-x86_64-fedora-clang, r-devel-linux-x86_64-fedora-gcc, r-devel-windows-x86_64