CRAN Package Check Results for Package tidyCDISC

Last updated on 2024-02-26 23:03:55 CET.

Flavor Version Tinstall Tcheck Ttotal Status Flags
r-devel-linux-x86_64-debian-clang 0.2.1 34.04 180.76 214.80 OK
r-devel-linux-x86_64-debian-gcc 0.2.1 31.09 135.20 166.29 OK
r-devel-linux-x86_64-fedora-clang 0.2.1 267.72 NOTE
r-devel-linux-x86_64-fedora-gcc 0.2.1 276.95 OK
r-devel-windows-x86_64 0.2.1 34.00 139.00 173.00 OK
r-patched-linux-x86_64 0.2.1 37.90 171.84 209.74 OK
r-release-linux-x86_64 0.2.1 34.11 174.68 208.79 OK
r-release-macos-arm64 0.2.1 85.00 OK
r-release-macos-x86_64 0.2.1 159.00 OK
r-release-windows-x86_64 0.2.1 44.00 173.00 217.00 OK
r-oldrel-macos-arm64 0.2.1 57.00 OK
r-oldrel-windows-x86_64 0.2.1 47.00 182.00 229.00 OK

Check Details

Version: 0.2.1
Check: package dependencies
Result: NOTE Imports includes 25 non-default packages. Importing from so many packages makes the package vulnerable to any of them becoming unavailable. Move as many as possible to Suggests and use conditionally. Flavor: r-devel-linux-x86_64-fedora-clang