CRAN Package Check Results for Package tidyindex

Last updated on 2024-04-16 23:52:09 CEST.

Flavor Version Tinstall Tcheck Ttotal Status Flags
r-devel-linux-x86_64-debian-clang 0.1.0 9.97 105.67 115.64 OK
r-devel-linux-x86_64-debian-gcc 0.1.0 7.11 77.08 84.19 OK
r-devel-linux-x86_64-fedora-clang 0.1.0 145.84 NOTE
r-devel-linux-x86_64-fedora-gcc 0.1.0 153.26 NOTE
r-prerel-macos-arm64 0.1.0 47.00 OK
r-prerel-windows-x86_64 0.1.0 11.00 92.00 103.00 OK
r-patched-linux-x86_64 0.1.0 8.45 97.44 105.89 OK
r-release-linux-x86_64 0.1.0 6.10 99.37 105.47 OK
r-release-macos-arm64 0.1.0 53.00 OK
r-release-macos-x86_64 0.1.0 141.00 OK
r-release-windows-x86_64 0.1.0 14.00 108.00 122.00 OK
r-oldrel-macos-arm64 0.1.0 49.00 OK
r-oldrel-windows-x86_64 0.1.0 15.00 112.00 127.00 OK

Check Details

Version: 0.1.0
Check: data for non-ASCII characters
Result: NOTE Note: found 4 marked UTF-8 strings Flavors: r-devel-linux-x86_64-fedora-clang, r-devel-linux-x86_64-fedora-gcc