CRAN Package Check Results for Package tidyseurat

Last updated on 2024-02-21 23:11:44 CET.

Flavor Version Tinstall Tcheck Ttotal Status Flags
r-devel-linux-x86_64-debian-clang 0.8.0 OK
r-devel-linux-x86_64-debian-gcc 0.8.0 24.40 244.17 268.57 OK
r-devel-linux-x86_64-fedora-clang 0.8.0 401.95 NOTE
r-devel-linux-x86_64-fedora-gcc 0.8.0 393.88 NOTE
r-devel-windows-x86_64 0.8.0 27.00 244.00 271.00 OK
r-patched-linux-x86_64 0.8.0 33.58 297.46 331.04 OK
r-release-linux-x86_64 0.8.0 21.42 317.34 338.76 OK
r-release-macos-arm64 0.8.0 118.00 NOTE
r-release-macos-x86_64 0.8.0 283.00 NOTE
r-release-windows-x86_64 0.8.0 36.00 312.00 348.00 OK
r-oldrel-macos-arm64 0.8.0 103.00 WARN
r-oldrel-windows-x86_64 0.8.0 38.00 303.00 341.00 WARN

Check Details

Version: 0.8.0
Check: package dependencies
Result: NOTE Package suggested but not available for checking: ‘SingleR’ Flavors: r-devel-linux-x86_64-fedora-clang, r-devel-linux-x86_64-fedora-gcc, r-release-macos-arm64, r-release-macos-x86_64, r-oldrel-macos-arm64

Version: 0.8.0
Check: Rd cross-references
Result: NOTE Undeclared package ‘crosstalk’ in Rd xrefs Flavor: r-devel-linux-x86_64-fedora-clang

Version: 0.8.0
Check: S3 generic/method consistency
Result: WARN Warning: declared S3 method 'filter.Seurat' not found See section ‘Generic functions and methods’ in the ‘Writing R Extensions’ manual. Flavors: r-oldrel-macos-arm64, r-oldrel-windows-x86_64