CRAN Package Check Results for Package tipsae

Last updated on 2024-02-26 23:03:55 CET.

Flavor Version Tinstall Tcheck Ttotal Status Flags
r-devel-linux-x86_64-debian-clang 0.0.18 432.05 204.40 636.45 NOTE
r-devel-linux-x86_64-debian-gcc 0.0.18 231.56 164.07 395.63 NOTE
r-devel-linux-x86_64-fedora-clang 0.0.18 652.14 NOTE
r-devel-linux-x86_64-fedora-gcc 0.0.18 752.54 NOTE
r-devel-windows-x86_64 0.0.18 202.00 192.00 394.00 NOTE
r-patched-linux-x86_64 0.0.18 290.71 185.98 476.69 NOTE
r-release-linux-x86_64 0.0.18 292.07 199.44 491.51 NOTE
r-release-macos-arm64 0.0.18 173.00 NOTE
r-release-macos-x86_64 0.0.18 295.00 NOTE
r-release-windows-x86_64 0.0.18 231.00 230.00 461.00 NOTE
r-oldrel-macos-arm64 0.0.18 192.00 NOTE
r-oldrel-windows-x86_64 0.0.18 218.00 231.00 449.00 NOTE

Check Details

Version: 0.0.18
Check: for GNU extensions in Makefiles
Result: NOTE GNU make is a SystemRequirements. Flavors: r-devel-linux-x86_64-debian-clang, r-devel-linux-x86_64-debian-gcc, r-devel-linux-x86_64-fedora-clang, r-devel-linux-x86_64-fedora-gcc, r-devel-windows-x86_64, r-patched-linux-x86_64, r-release-linux-x86_64, r-release-macos-arm64, r-release-macos-x86_64, r-release-windows-x86_64, r-oldrel-macos-arm64, r-oldrel-windows-x86_64

Version: 0.0.18
Check: installed package size
Result: NOTE installed size is 8.1Mb sub-directories of 1Mb or more: doc 1.9Mb libs 4.1Mb Flavors: r-devel-linux-x86_64-fedora-clang, r-devel-windows-x86_64, r-release-macos-arm64, r-release-macos-x86_64, r-release-windows-x86_64, r-oldrel-macos-arm64, r-oldrel-windows-x86_64

Version: 0.0.18
Check: dependencies in R code
Result: NOTE Namespace in Imports field not imported from: ‘sp’ All declared Imports should be used. Flavors: r-devel-linux-x86_64-fedora-clang, r-devel-linux-x86_64-fedora-gcc

Version: 0.0.18
Check: data for non-ASCII characters
Result: NOTE Note: found 1 marked UTF-8 string Flavors: r-devel-linux-x86_64-fedora-clang, r-devel-linux-x86_64-fedora-gcc