CRAN Package Check Results for Package tlars

Last updated on 2024-04-21 23:50:58 CEST.

Flavor Version Tinstall Tcheck Ttotal Status Flags
r-devel-linux-x86_64-debian-clang 1.0.1 61.59 116.69 178.28 OK
r-devel-linux-x86_64-debian-gcc 1.0.1 48.60 93.44 142.04 OK
r-devel-linux-x86_64-fedora-clang 1.0.1 239.34 OK
r-devel-linux-x86_64-fedora-gcc 1.0.1 255.32 OK
r-prerel-macos-arm64 1.0.1 65.00 NOTE
r-prerel-macos-x86_64 1.0.1 190.00 NOTE
r-prerel-windows-x86_64 1.0.1 48.00 127.00 175.00 OK
r-patched-linux-x86_64 1.0.1 58.72 105.65 164.37 OK
r-release-linux-x86_64 1.0.1 58.90 116.69 175.59 OK
r-release-macos-arm64 1.0.1 84.00 NOTE
r-release-macos-x86_64 1.0.1 179.00 NOTE
r-release-windows-x86_64 1.0.1 53.00 153.00 206.00 OK
r-oldrel-macos-arm64 1.0.1 81.00 NOTE
r-oldrel-windows-x86_64 1.0.1 55.00 150.00 205.00 OK

Check Details

Version: 1.0.1
Check: installed package size
Result: NOTE installed size is 7.3Mb sub-directories of 1Mb or more: doc 2.2Mb libs 4.7Mb Flavors: r-prerel-macos-arm64, r-prerel-macos-x86_64, r-release-macos-arm64, r-release-macos-x86_64, r-oldrel-macos-arm64