CRAN Package Check Results for Package topicmodels

Last updated on 2024-02-23 21:57:02 CET.

Flavor Version Tinstall Tcheck Ttotal Status Flags
r-devel-linux-x86_64-debian-clang 0.2-16 OK
r-devel-linux-x86_64-debian-gcc 0.2-16 11.50 101.35 112.85 OK
r-devel-linux-x86_64-fedora-clang 0.2-16 191.56 NOTE
r-devel-linux-x86_64-fedora-gcc 0.2-16 200.62 NOTE
r-devel-windows-x86_64 0.2-16 21.00 184.00 205.00 OK
r-patched-linux-x86_64 0.2-16 16.09 134.14 150.23 OK
r-release-linux-x86_64 0.2-16 17.47 133.65 151.12 OK
r-release-macos-arm64 0.2-16 101.00 OK
r-release-macos-x86_64 0.2-16 191.00 OK
r-release-windows-x86_64 0.2-16 25.00 207.00 232.00 OK
r-oldrel-macos-arm64 0.2-16 96.00 OK
r-oldrel-windows-x86_64 0.2-16 25.00 204.00 229.00 OK

Check Details

Version: 0.2-16
Check: data for non-ASCII characters
Result: NOTE Note: found 91 marked UTF-8 strings Flavors: r-devel-linux-x86_64-fedora-clang, r-devel-linux-x86_64-fedora-gcc