Last updated on 2023-11-28 09:52:13 CET.
Flavor | Version | Tinstall | Tcheck | Ttotal | Status | Flags |
---|---|---|---|---|---|---|
r-devel-linux-x86_64-debian-clang | 0.2-7 | 13.73 | 176.36 | 190.09 | NOTE | |
r-devel-linux-x86_64-debian-gcc | 0.2-7 | 10.92 | 129.88 | 140.80 | NOTE | |
r-devel-linux-x86_64-fedora-clang | 0.2-8 | 243.09 | NOTE | |||
r-devel-linux-x86_64-fedora-gcc | 0.2-8 | 256.28 | NOTE | |||
r-devel-windows-x86_64 | 0.2-7 | 12.00 | 171.00 | 183.00 | NOTE | |
r-patched-linux-x86_64 | 0.2-7 | 13.18 | 167.12 | 180.30 | NOTE | |
r-release-linux-x86_64 | 0.2-7 | 11.33 | 166.26 | 177.59 | NOTE | |
r-release-macos-arm64 | 0.2-7 | 77.00 | NOTE | |||
r-release-macos-x86_64 | 0.2-7 | 130.00 | NOTE | |||
r-release-windows-x86_64 | 0.2-8 | 11.00 | 153.00 | 164.00 | NOTE | |
r-oldrel-macos-arm64 | 0.2-7 | 71.00 | NOTE | |||
r-oldrel-macos-x86_64 | 0.2-7 | 97.00 | NOTE | |||
r-oldrel-windows-x86_64 | 0.2-7 | 15.00 | 215.00 | 230.00 | NOTE |
Version: 0.2-7
Check: package dependencies
Result: NOTE
Package suggested but not available for checking: ‘taxidata’
Flavors: r-devel-linux-x86_64-debian-clang, r-devel-linux-x86_64-debian-gcc, r-devel-windows-x86_64, r-patched-linux-x86_64, r-release-linux-x86_64, r-release-macos-arm64, r-release-macos-x86_64, r-oldrel-macos-arm64, r-oldrel-macos-x86_64, r-oldrel-windows-x86_64
Version: 0.2-7
Check: Rd files
Result: NOTE
checkRd: (-1) Track-class.Rd:104: Lost braces
104 | \item{coerce}{Track,data.frame}{coerce to \code{data.frame}}
| ^
checkRd: (-1) Track-class.Rd:105: Lost braces
105 | \item{coerce}{Tracks,data.frame}{coerce to \code{data.frame}}
| ^
checkRd: (-1) Track-class.Rd:106: Lost braces
106 | \item{coerce}{TracksCollection,data.frame}{coerce to \code{data.frame}}
| ^
Flavors: r-devel-linux-x86_64-debian-clang, r-devel-linux-x86_64-debian-gcc
Version: 0.2-8
Check: package dependencies
Result: NOTE
Package suggested but not available for checking: ‘taxidata’
Flavors: r-devel-linux-x86_64-fedora-clang, r-devel-linux-x86_64-fedora-gcc, r-release-windows-x86_64