CRAN Package Check Results for Package tseries

Last updated on 2023-09-02 22:58:27 CEST.

Flavor Version Tinstall Tcheck Ttotal Status Flags
r-devel-linux-x86_64-debian-clang 0.10-54 8.67 57.93 66.60 OK
r-devel-linux-x86_64-debian-gcc 0.10-54 8.03 43.05 51.08 OK
r-devel-linux-x86_64-fedora-clang 0.10-54 83.83 NOTE
r-devel-linux-x86_64-fedora-gcc 0.10-54 85.28 NOTE
r-devel-windows-x86_64 0.10-54 14.00 78.00 92.00 OK
r-patched-linux-x86_64 0.10-54 10.66 56.44 67.10 OK
r-release-linux-x86_64 0.10-54 8.38 54.72 63.10 OK
r-release-macos-arm64 0.10-54 43.00 OK
r-release-macos-x86_64 0.10-54 57.00 OK
r-release-windows-x86_64 0.10-54 18.00 80.00 98.00 OK
r-oldrel-macos-arm64 0.10-54 36.00 OK
r-oldrel-macos-x86_64 0.10-54 43.00 OK
r-oldrel-windows-x86_64 0.10-54 17.00 89.00 106.00 OK

Check Details

Version: 0.10-54
Check: dependencies in R code
Result: NOTE
    Namespace in Imports field not imported from: ‘jsonlite’
     All declared Imports should be used.
Flavors: r-devel-linux-x86_64-fedora-clang, r-devel-linux-x86_64-fedora-gcc