CRAN Package Check Results for Package ustyc

Last updated on 2023-12-07 23:10:24 CET.

Flavor Version Tinstall Tcheck Ttotal Status Flags
r-devel-linux-x86_64-debian-clang 1.0.0 3.47 32.49 35.96 NOTE
r-devel-linux-x86_64-debian-gcc 1.0.0 2.83 25.80 28.63 NOTE
r-devel-linux-x86_64-fedora-clang 1.0.0 47.23 NOTE
r-devel-linux-x86_64-fedora-gcc 1.0.0 44.19 NOTE
r-devel-windows-x86_64 1.0.0 4.00 47.00 51.00 NOTE
r-patched-linux-x86_64 1.0.0 3.18 32.11 35.29 NOTE
r-release-linux-x86_64 1.0.0 2.99 32.23 35.22 NOTE
r-release-macos-arm64 1.0.0 19.00 NOTE
r-release-macos-x86_64 1.0.0 26.00 NOTE
r-release-windows-x86_64 1.0.0 5.00 47.00 52.00 NOTE
r-oldrel-macos-arm64 1.0.0 19.00 NOTE
r-oldrel-macos-x86_64 1.0.0 26.00 NOTE
r-oldrel-windows-x86_64 1.0.0 5.00 56.00 61.00 NOTE

Check Details

Version: 1.0.0
Check: DESCRIPTION meta-information
Result: NOTE Malformed Title field: should not end in a period. Flavors: r-devel-linux-x86_64-debian-clang, r-devel-linux-x86_64-debian-gcc, r-devel-linux-x86_64-fedora-clang, r-devel-linux-x86_64-fedora-gcc, r-devel-windows-x86_64, r-patched-linux-x86_64, r-release-linux-x86_64, r-release-macos-arm64, r-release-macos-x86_64, r-release-windows-x86_64, r-oldrel-macos-arm64, r-oldrel-macos-x86_64, r-oldrel-windows-x86_64