CRAN Package Check Results for Package vagam

Last updated on 2024-04-20 23:23:29 CEST.

Flavor Version Tinstall Tcheck Ttotal Status Flags
r-devel-linux-x86_64-debian-clang 1.1 14.49 94.46 108.95 NOTE
r-devel-linux-x86_64-debian-gcc 1.1 8.23 68.17 76.40 NOTE
r-devel-linux-x86_64-fedora-clang 1.1 135.91 NOTE
r-devel-linux-x86_64-fedora-gcc 1.1 123.24 NOTE
r-prerel-macos-arm64 1.1 39.00 NOTE
r-prerel-windows-x86_64 1.1 10.00 80.00 90.00 NOTE
r-patched-linux-x86_64 1.1 10.55 89.60 100.15 NOTE
r-release-linux-x86_64 1.1 10.02 90.04 100.06 OK
r-release-macos-arm64 1.1 43.00 OK
r-release-macos-x86_64 1.1 67.00 OK
r-release-windows-x86_64 1.1 14.00 96.00 110.00 OK
r-oldrel-macos-arm64 1.1 36.00 OK
r-oldrel-windows-x86_64 1.1 14.00 108.00 122.00 OK

Check Details

Version: 1.1
Check: Rd files
Result: NOTE checkRd: (-1) summary.vagam.Rd:23: Lost braces in \itemize; \value handles \item{}{} directly checkRd: (-1) summary.vagam.Rd:24: Lost braces in \itemize; \value handles \item{}{} directly checkRd: (-1) summary.vagam.Rd:25: Lost braces in \itemize; \value handles \item{}{} directly checkRd: (-1) summary.vagam.Rd:26: Lost braces in \itemize; \value handles \item{}{} directly checkRd: (-1) summary.vagam.Rd:27: Lost braces in \itemize; \value handles \item{}{} directly checkRd: (-1) summary.vagam.Rd:28: Lost braces in \itemize; \value handles \item{}{} directly checkRd: (-1) summary.vagam.Rd:29: Lost braces in \itemize; \value handles \item{}{} directly checkRd: (-1) summary.vagam.Rd:30: Lost braces in \itemize; \value handles \item{}{} directly checkRd: (-1) summary.vagam.Rd:31: Lost braces in \itemize; \value handles \item{}{} directly checkRd: (-1) vagam.Rd:32: Lost braces in \itemize; meant \describe ? checkRd: (-1) vagam.Rd:33: Lost braces in \itemize; meant \describe ? checkRd: (-1) vagam.Rd:34: Lost braces in \itemize; meant \describe ? checkRd: (-1) vagam.Rd:62: Lost braces in \itemize; \value handles \item{}{} directly checkRd: (-1) vagam.Rd:63: Lost braces in \itemize; \value handles \item{}{} directly checkRd: (-1) vagam.Rd:64: Lost braces in \itemize; \value handles \item{}{} directly checkRd: (-1) vagam.Rd:65: Lost braces in \itemize; \value handles \item{}{} directly checkRd: (-1) vagam.Rd:66: Lost braces in \itemize; \value handles \item{}{} directly checkRd: (-1) vagam.Rd:67: Lost braces in \itemize; \value handles \item{}{} directly checkRd: (-1) vagam.Rd:68: Lost braces in \itemize; \value handles \item{}{} directly checkRd: (-1) vagam.Rd:69: Lost braces in \itemize; \value handles \item{}{} directly checkRd: (-1) vagam.Rd:70: Lost braces in \itemize; \value handles \item{}{} directly checkRd: (-1) vagam.Rd:71: Lost braces in \itemize; \value handles \item{}{} directly checkRd: (-1) vagam.Rd:72: Lost braces in \itemize; \value handles \item{}{} directly checkRd: (-1) vagam.Rd:73: Lost braces in \itemize; \value handles \item{}{} directly checkRd: (-1) vagam.Rd:74: Lost braces in \itemize; \value handles \item{}{} directly checkRd: (-1) vagam.Rd:75: Lost braces in \itemize; \value handles \item{}{} directly checkRd: (-1) vagam.Rd:76: Lost braces in \itemize; \value handles \item{}{} directly checkRd: (-1) vagam.Rd:77: Lost braces in \itemize; \value handles \item{}{} directly Flavors: r-devel-linux-x86_64-debian-clang, r-devel-linux-x86_64-debian-gcc, r-devel-linux-x86_64-fedora-clang, r-devel-linux-x86_64-fedora-gcc, r-prerel-macos-arm64, r-prerel-windows-x86_64, r-patched-linux-x86_64