CRAN Package Check Results for Package vetiver

Last updated on 2024-02-26 23:03:56 CET.

Flavor Version Tinstall Tcheck Ttotal Status Flags
r-devel-linux-x86_64-debian-clang 0.2.5 7.26 110.59 117.85 NOTE
r-devel-linux-x86_64-debian-gcc 0.2.5 4.73 87.47 92.20 OK
r-devel-linux-x86_64-fedora-clang 0.2.5 147.97 OK
r-devel-linux-x86_64-fedora-gcc 0.2.5 164.42 OK
r-devel-windows-x86_64 0.2.5 9.00 115.00 124.00 OK
r-patched-linux-x86_64 0.2.5 8.41 113.12 121.53 OK
r-release-linux-x86_64 0.2.5 4.48 114.02 118.50 OK
r-release-macos-arm64 0.2.5 52.00 OK
r-release-macos-x86_64 0.2.5 142.00 OK
r-release-windows-x86_64 0.2.5 11.00 137.00 148.00 OK
r-oldrel-macos-arm64 0.2.5 51.00 OK
r-oldrel-windows-x86_64 0.2.5 12.00 131.00 143.00 OK

Check Details

Version: 0.2.5
Check: package dependencies
Result: NOTE Package suggested but not available for checking: ‘arrow’ Flavor: r-devel-linux-x86_64-debian-clang