CRAN Package Check Results for Package vivaldi

Last updated on 2024-02-21 23:11:45 CET.

Flavor Version Tinstall Tcheck Ttotal Status Flags
r-devel-linux-x86_64-debian-clang 1.0.1 OK
r-devel-linux-x86_64-debian-gcc 1.0.1 3.35 78.95 82.30 OK
r-devel-linux-x86_64-fedora-clang 1.0.1 124.73 NOTE
r-devel-linux-x86_64-fedora-gcc 1.0.1 129.46 OK
r-devel-windows-x86_64 1.0.1 6.00 98.00 104.00 NOTE
r-patched-linux-x86_64 1.0.1 3.11 104.05 107.16 OK
r-release-linux-x86_64 1.0.1 2.60 102.86 105.46 OK
r-release-macos-arm64 1.0.1 53.00 NOTE
r-release-macos-x86_64 1.0.1 76.00 NOTE
r-release-windows-x86_64 1.0.1 7.00 122.00 129.00 NOTE
r-oldrel-macos-arm64 1.0.1 44.00 NOTE
r-oldrel-windows-x86_64 1.0.1 6.00 119.00 125.00 NOTE

Check Details

Version: 1.0.1
Check: installed package size
Result: NOTE installed size is 6.8Mb sub-directories of 1Mb or more: doc 5.4Mb extdata 1.1Mb Flavors: r-devel-linux-x86_64-fedora-clang, r-devel-windows-x86_64, r-release-macos-arm64, r-release-macos-x86_64, r-release-windows-x86_64, r-oldrel-macos-arm64, r-oldrel-windows-x86_64