CRAN Package Check Results for Package warabandi

Last updated on 2024-05-17 22:57:03 CEST.

Flavor Version Tinstall Tcheck Ttotal Status Flags
r-devel-linux-x86_64-debian-clang 0.1.0 2.23 32.33 34.56 OK
r-devel-linux-x86_64-debian-gcc 0.1.0 2.01 25.15 27.16 OK
r-devel-linux-x86_64-fedora-clang 0.1.0 45.00 NOTE
r-devel-linux-x86_64-fedora-gcc 0.1.0 62.68 NOTE
r-devel-windows-x86_64 0.1.0 4.00 45.00 49.00 OK
r-patched-linux-x86_64 0.1.0 1.70 31.13 32.83 OK
r-release-linux-x86_64 0.1.0 1.58 30.48 32.06 OK
r-release-macos-arm64 0.1.0 22.00 OK
r-release-windows-x86_64 0.1.0 4.00 48.00 52.00 OK
r-oldrel-macos-arm64 0.1.0 25.00 OK
r-oldrel-macos-x86_64 0.1.0 37.00 OK
r-oldrel-windows-x86_64 0.1.0 4.00 48.00 52.00 OK

Check Details

Version: 0.1.0
Check: dependencies in R code
Result: NOTE Namespace in Imports field not imported from: ‘flextable’ All declared Imports should be used. Flavors: r-devel-linux-x86_64-fedora-clang, r-devel-linux-x86_64-fedora-gcc