CRAN Package Check Results for Package washi

Last updated on 2024-04-21 23:51:00 CEST.

Flavor Version Tinstall Tcheck Ttotal Status Flags
r-devel-linux-x86_64-debian-clang 0.2.0 5.64 56.97 62.61 OK
r-devel-linux-x86_64-debian-gcc 0.2.0 4.91 43.81 48.72 OK
r-devel-linux-x86_64-fedora-clang 0.2.0 78.68 NOTE
r-devel-linux-x86_64-fedora-gcc 0.2.0 75.23 OK
r-prerel-macos-arm64 0.2.0 24.00 OK
r-prerel-windows-x86_64 0.2.0 6.00 63.00 69.00 OK
r-patched-linux-x86_64 0.2.0 3.63 55.77 59.40 OK
r-release-linux-x86_64 0.2.0 3.78 54.55 58.33 OK
r-release-macos-arm64 0.2.0 36.00 OK
r-release-macos-x86_64 0.2.0 52.00 OK
r-release-windows-x86_64 0.2.0 8.00 71.00 79.00 OK
r-oldrel-macos-arm64 0.2.0 38.00 OK
r-oldrel-windows-x86_64 0.2.0 8.00 76.00 84.00 OK

Check Details

Version: 0.2.0
Check: installed package size
Result: NOTE installed size is 5.0Mb sub-directories of 1Mb or more: help 3.9Mb Flavor: r-devel-linux-x86_64-fedora-clang