Last updated on 2023-12-11 00:49:24 CET.
Flavor | Version | Tinstall | Tcheck | Ttotal | Status | Flags |
---|---|---|---|---|---|---|
r-devel-linux-x86_64-debian-clang | 0.8.1 | 28.97 | 195.52 | 224.49 | NOTE | |
r-devel-linux-x86_64-debian-gcc | 0.8.1 | 26.78 | 141.93 | 168.71 | NOTE | |
r-devel-linux-x86_64-fedora-clang | 0.8.1 | 299.58 | NOTE | |||
r-devel-linux-x86_64-fedora-gcc | 0.8.1 | 241.31 | NOTE | |||
r-devel-windows-x86_64 | 0.8.1 | 21.00 | 137.00 | 158.00 | NOTE | |
r-patched-linux-x86_64 | 0.8.1 | 23.04 | 188.87 | 211.91 | NOTE | |
r-release-linux-x86_64 | 0.8.1 | 22.77 | 187.87 | 210.64 | NOTE | |
r-release-macos-arm64 | 0.8.1 | 63.00 | NOTE | |||
r-release-macos-x86_64 | 0.8.1 | 102.00 | NOTE | |||
r-release-windows-x86_64 | 0.8.1 | 28.00 | 171.00 | 199.00 | NOTE | |
r-oldrel-macos-arm64 | 0.8.1 | 58.00 | OK | |||
r-oldrel-macos-x86_64 | 0.8.1 | 100.00 | OK | |||
r-oldrel-windows-x86_64 | 0.8.1 | 30.00 | 162.00 | 192.00 | OK |
Version: 0.8.1
Check: package subdirectories
Result: NOTE
Problems with news in ‘NEWS.md’:
No news entries found.
Flavors: r-devel-linux-x86_64-debian-clang, r-devel-linux-x86_64-debian-gcc, r-devel-linux-x86_64-fedora-clang, r-devel-linux-x86_64-fedora-gcc, r-devel-windows-x86_64, r-patched-linux-x86_64, r-release-linux-x86_64, r-release-macos-arm64, r-release-macos-x86_64, r-release-windows-x86_64