CRAN Package Check Results for Package xpose4

Last updated on 2024-02-21 23:11:46 CET.

Flavor Version Tinstall Tcheck Ttotal Status Flags
r-devel-linux-x86_64-debian-clang 4.7.2 NOTE
r-devel-linux-x86_64-debian-gcc 4.7.2 19.91 159.58 179.49 NOTE
r-devel-linux-x86_64-fedora-clang 4.7.2 298.74 NOTE
r-devel-linux-x86_64-fedora-gcc 4.7.2 283.37 NOTE
r-devel-windows-x86_64 4.7.2 24.00 209.00 233.00 NOTE
r-patched-linux-x86_64 4.7.2 42.38 209.30 251.68 NOTE
r-release-linux-x86_64 4.7.2 20.49 208.80 229.29 NOTE
r-release-macos-arm64 4.7.2 78.00 NOTE
r-release-macos-x86_64 4.7.2 126.00 NOTE
r-release-windows-x86_64 4.7.2 32.00 248.00 280.00 NOTE
r-oldrel-macos-arm64 4.7.2 65.00 OK
r-oldrel-windows-x86_64 4.7.2 34.00 203.00 237.00 OK

Check Details

Version: 4.7.2
Check: Rd files
Result: NOTE checkRd: (-1) read.npc.vpc.results.Rd:16: Escaped LaTeX specials: \_ checkRd: (-1) read.npc.vpc.results.Rd:19: Escaped LaTeX specials: \_ \_ \_ \_ \_ \_ checkRd: (-1) read.npc.vpc.results.Rd:22: Escaped LaTeX specials: \_ Flavors: r-devel-linux-x86_64-debian-clang, r-devel-linux-x86_64-debian-gcc, r-devel-linux-x86_64-fedora-clang, r-devel-linux-x86_64-fedora-gcc, r-devel-windows-x86_64, r-patched-linux-x86_64, r-release-linux-x86_64, r-release-macos-arm64, r-release-macos-x86_64, r-release-windows-x86_64

Version: 4.7.2
Check: Rd \usage sections
Result: NOTE Documented arguments not in \usage in Rd file 'xpose.create.title.Rd': ‘plot.text’ ‘main’ Functions with \usage entries need to have the appropriate \alias entries, and all their arguments documented. The \usage entries must correspond to syntactically valid R code. See chapter ‘Writing R documentation files’ in the ‘Writing R Extensions’ manual. Flavors: r-devel-linux-x86_64-debian-clang, r-devel-linux-x86_64-debian-gcc, r-devel-linux-x86_64-fedora-clang, r-devel-linux-x86_64-fedora-gcc, r-devel-windows-x86_64